+ (40 - -4) - -57?
70
Calculate 16 + 21 - (8 - (-2 + -8 - -9)).
28
What is (-59 - -33 - -70) + -39?
5
Evaluate 31 + 12 + (19 + -10 - 33) + -4.
15
What is the value of 43 + (-46 - 6 - (-73 + 65))?
-1
Evaluate ((-9 - -3) + 8 + -8 - 65) + (31 - 30).
-70
What is (-5 - -3 - 49) + (-11 - 2)?
-64
Calculate 73 + 2 + (13262 - 13338).
-1
Evaluate 9 + (191 - 249 - (0 - -19)).
-68
Calculate 1 + 5 - (-6 - (23 - 35)) - -48.
48
What is 92 + 0 - (-49 + (80 - 48))?
109
What is the value of -545 - -462 - (4 + -47)?
-40
Calculate (-21 + 34 - 3) + -13.
-3
6 + 26 - (-13 - (0 - 7))
38
What is 21 - (9 + (-128 + 124 - (-100 - 4)))?
-88
What is the value of (255 - -51) + -322 + (0 + 1 - -5)?
-10
What is the value of (-36 - 0) + 773 + -751?
-14
Evaluate 1 - 9 - (-180 + 171) - 12 - -12.
1
What is (-15 - (-4 + 1)) + (-1621 - -1641)?
8
What is the value of (-354 - -305) + (-2 + -5 + 6 - -7)?
-43
What is 1 + (31 - 27) + -2?
3
Evaluate -358 - -367 - (19 - (-1 + 3)).
-8
Evaluate 1 + -56 - (-3650 + 3536).
59
6 + -8 + -73 + 47
-28
-79 + (6 - (48 - 88)) + -56
-89
Calculate (-229 - (-383 + 182)) + (-8 - 1).
-37
What is the value of -40 + 59 + -25 - (-5 - 1)?
0
Evaluate -41 + -15 + (-15 - -63 - 41).
-49
-37 - (0 - 24 - 7)
-6
Calculate 87 + 30 + -110 + (-1 - -63) + 0 + 3.
72
1 - (10 + -4) - (11 + -20 - 11 - -124)
-109
What is -17 - -30 - (2 + 2) - (-17 + -25) - 12?
39
Evaluate (136 - 138) + (-2 - -29 - -2).
27
-111 + (3 - (12 - 0) - (-27 + -12 + 39))
-120
What is the value of 6 + (-9 - (2 + -8)) - 49 - -4?
-42
Evaluate -9 + (-4 + 7 + 15 - 21 - (-4 + 1)).
-9
What is (7 - 3 - -31 - -3) + 45 + (-27 - 25)?
31
Calculate -41 + 7 + ((6 - (4 + -7)) + -17 - -11).
-31
Evaluate 123 - (-49 + 60 + 46).
66
What is the value of -1187 + 1183 - (4 + -1 + 0)?
-7
Evaluate 100 - (132 - 112 - (1 - (5 - 7))).
83
Calculate -16 - (-30 - (47 - 83 - 17)).
-39
-3 + -2 + 3 + 1 - (-395 - -322)
72
(8 - ((0 - -5) + -10) - (-28 - -30)) + -69
-58
What is -4 + (0 - -2) + (-18 + 207 + -34 - 15)?
138
Calculate 18 - (123 - (10 + 25) - -10).
-80
What is the value of 15 + (3 - (-6 - -5)) + (0 - (15 - -37))?
-33
What is -86 + -15 + -45 + 105?
-41
What is the value of 93 + 1 + -13 + -4 + 11 + -3?
85
What is the value of -3 + -23 + 21 + 12 - -13 - -8?
28
What is 69 - (68 + -52) - 31?
22
What is the value of (11 - (6 - 0 - 7)) + (-18 - (-37 + 97))?
-66
(4 + -6 - (6 - 15)) + -53
-46
Evaluate (-9 - (1 - (-8 + 0))) + 8 + (14 - -17).
21
Evaluate -13 + (-6 - -5) - -23 - 62.
-53
Calculate (-1 - (6 + 130) - 8) + 26.
-119
What is the value of (42 + -24 + -38 - -45) + 13?
38
(17 - 3 - -5) + 14
33
Evaluate 34 + -10 + (49 - (3 + -7 + 11)).
66
What is the value of 54 + -79 + 51 - (8 - (-3 - (0 + -2)))?
17
Calculate -81 + 65 + 7 + -1 + 42.
32
Calculate (-7 - (1 + 13 - (46 - -8 - 46))) + -69.
-82
What is the value of -10 - 5 - (0 - 10 - (-14 - (-18 + 3)))?
-4
Calculate -305 - -299 - (2 + 7 + -8 + (1 - 64)).
56
-550 + 557 + (0 - 18) + 1 + (48 - -5)
43
Evaluate -18 + (29 - (-5 - -71)) + 110.
55
Calculate -12 + 0 - (-14 + (72 - 41) + -25).
-4
What is the value of 45 + (-51 - (-9 - -59))?
-56
Calculate -19 - (28 - 124) - 39.
38
Evaluate -90 + (19 + 5 - -24).
-42
-7 - ((-5 - -6 - 1 - (-4 - -68)) + -8)
65
What is the value of 554 - 705 - (7 - 97)?
-61
What is the value of -5 + 3 + (4 - -5 - 6) + -6 + 8?
3
What is (-77 - -99) + (-57 - (-4 + -8))?
-23
Calculate (-13 - (12 + (4 - 39) + 8)) + -36.
-34
(1 - 7) + (-18 - 2 - ((8 - 7) + -11))
-16
What is the value of (-7983 - -7983) + (-1 - (2 - 0))?
-3
Calculate (3 - 0) + 5 + -13 - -5 - -9.
9
What is 0 + 308 + -342 + 93 + 1?
60
What is (-2 + 1 - -4) + (-2 - (3 - -4)) + 42?
36
(-2 - -68) + 1414 + -1459
21
568 + -561 + 0 + -42 + (-4 + 5 - 8)
-42
8 + (-38 - -50 - 8)
12
53 + -3 + -51 + (-4 - 2)
-7
What is -3 + -30 + 15 + (-3 - 0) + -16?
-37
What is the value of 65 + 16 + -13 + -25 - (1 + -6)?
48
What is the value of 80 + -70 + -30 + 25 + 1?
6
What is the value of -27 + 79 - (24 - -18)?
10
What is 45 + 25 + 17 + -37 + (9 - (6 + -2))?
55
What is -32 + 15 + -33 + -4 + 12 - -13?
-29
Evaluate -26 - (-1 + (19 - -16) + -18 + -32).
-10
93 - ((-16 - (-20 + (14 - 9))) + 14)
80
What is 28 + -79 - (-9 + -5 - 13)?
-24
What is -49 - (74 + -48) - -29?
-46
What is the value of (12 - 12) + -18 - ((-5 - 8) + 3)?
-8
9 + (-30 - 16) + 10 + 21
-6
What is the value of 18 + (-63 - (-7 - (13 - 6)))?
-31
What is -95 + -55 + 175 + 49 + -2?
72
Evaluate -153 + 185 - (-1 - -36).
-3
-26 - (-43 + 42 - (125 + (13 - 2)))
111
Evaluate (144 - (202 - 2)) + 190.
134
What is the value of 38 + -37 + (40 + -13 - 2)?
26
Calculate (-11 - -9) + (3 + -1 - -2) + -82 + 130.
50
-5 + 3 + (2 - 16 - -3 - 30)
-43
What is -1 + 107 + 4 - (1288 - 1285)?
107
Evaluate 24 + 10 - -8 - (-7 - -4).
45
-5 + (-9 - (5 - (4 - -3))) - (-16 - 0)
4
What is (-104 - 0) + (-3 - (50 + -42) - (-2 + -11))?
-102
Evaluate -40 - (0 - 10) - (31 - 9).
-52
(20 - (-22 + 18)) + (-5 - -10)
29
Evaluate (3 - (-21 + -85)) + (10 - (2 - -7) - 9).
101
What is -87 + 120 + -1 + (5 - 1)?
36
What is the value of 53 + 80 + -160 - (-27 + -1)?
1
79 + -79 + (38 - 98)
-60
23 - (67 - 7) - (-31 - -12)
-18
Evaluate (763 - 751) + 27 + 0.
39
Calculate 0 - 0 - 10 - (158 + -434 - -226).
40
Evaluate 40 - (259 + -86 - 65).
-68
Evaluate -4 + (-12 + 31 - 8) + 9 + 3.
19
Calculate -86 + 80 - 92 - -45.
-53
What is the value of (-97 - (0 + 10 - (62 - 51))) + -25?
-121
Calculate 62 - 52 - (4 + -20 + 59).
-33
Calculate -4 + (12 - 26) + 2 + -28.
-44
Calculate 9 + 22 - ((3 - -16) + 3).
9
What is the value of -54 + 10 + 2 - (-957 - -879)?
36
What is the value of (14 - 6) + -19 - ((5 - 5) + 2 - 33)?
20
What is the value of (-664 - -721) + -1 + (-23 - -2)?
35
Calculate -52 - -51 - -58 - 19.
38
Calculate 11 - 5 - (-3 + 8 + 0) - (-100 + 85).
16
What is 3 + (-36 - ((5 - 5) + (-2 - -7)))?
-38
What is 12 - (97 + 0 + 403 + -411) - (6 - 4)?
-79
What is the value of 48 + (-321 - -331) + 5 + 2?
65
Calculate 31 + -2 + 138 + -195 - -64.
36
What is -34 + (-36 - 3) + -6 + 5?
-74
Evaluate 2 + -23 + -1 + 135 + -708 + 697.
102
What is 0 - ((1 - 3) + 0 - -26 - (-1174 - -1162))?
-36
What is the value of 81 + 7 + 24 + -68?
44
Calculate 29 - (7 + (5 - -5) - -13 - 13).
12
Calculate -47 - (3 - 51) - 66.
-65
What is 52 - ((-81 - 12) + 140)?
5
What is 102 - (28 - 66) - 87?
53
What is (2 + -4 + 1 - -67) + (95 + 6 - 97)?
70
What is 4 + -17 + (-2 + 21 - (-95 - -84))?
17
Calculate 54 + -39 - (-10 + 4 - -66 - (12 - 3)).
-36
What is the value of 61 + (-4 - (15 + (-7 - (1 + -6) - 7)))?
51
-119 - (-6 - (53 - (27 + 0)))
-87
What is (2 - -34) + -11 + (-10 - -20)?
35
-5 + (58 - (20 + -3)) + (-3 - -13 - 1)
45
Evaluate 72 + -9 + -2 - 63.
-2
Calculate 2 + 35 + 1 - (-1 - (13 + -54) - 33).
31
What is 35 + 18 + 15 - 105?
-37
6 + -1 + -9 + -91 + 99 + -15
-11
What is the value of (2 - (1 - -2)) + 7 + (-1481 - -1516)?
41
Evaluate 18 + (-3 - -19) + -29 + 0 + -2 + 26.
29
-34 + (-61 + 9 - 4 - -33)
-57
What is the value of 16 - (-4 + 76) - -124?
68
Evaluate 27 + (33 - 20 - 21) + (1 - 8) - -5.
17
Calculate (48 - 27 - (-7 + 7)) + -76.
-55
Calculate (116 - (-111 - -322)) + 83.
-12
Evaluate -74 + (-32 - -93) + (2 - -12).
1
What is (-31 - -37) + -29 + 18 + 103?
98
0 + 11 - (20 + 7 + -3)
-13
What is (15 - (-19 + -2)) + 0 - (-1 + -1)?
38
Calculate -39 + (-20 + 9 - (-7 + 0 + -8)).
-35
What is the value of 0 + 9 + (-2 - (-7 - 0)) + -4 + 51?
61
What is the value of (27 - 7 - 9) + (-71 - -87) + 0 + 103?
130
Calculate -10 + 1 + (-55 + 10 + 10 - -23).
-21
Evaluate 39 + -55 + -11 + (5 - 6).
-28
What is -35 - -24 - (17 + -3 - (53 + -125))?
-97
Calculate -38 - (-33 + 21) - -80.
54
What is the value of 73 - (49 - 59 - -45)?
38
Calculate 14 - ((-7 - (14 + (-7 - 25))) + -6).
9
78 + 1 - ((-20 - 6) + 32 - -16)
57
What is 4 - 1 - (-5 - (-32 + 17)) - 4?
-11
What is 377 + -392 + (-1 - (-4 - 7 - 3))?
-2
Calculate (288 - 302) + 1 + -3 - -6 - -68.
58
Calculate 54 - 107 - (-27 - 0).
-26
Evaluate 40 - (-10 - (-42 + 38)).
46
Evaluate (-23 - -3) + 0 - (-50 - (-66 - -15)).
-21
(1 - -94 - 1) + (-30 - 2 - (48 - 80))
94
What is (-52 - -40 - -63) + -43 - -27?
35
Calculate 5 - (-27 + (-2 - -20) - -11).
3
Calculate -3 + (-23 - (-5 + (12 - 8) + 11)).
-36
Calculate 29 - (29 - (-17 + 48)).
31
What is the value of (-16 - -25 - (2 + -1 + 6 - 5)) + -43?
-36
Calculate (13 - ((-6 - -28) + -11)) + -6 + 0 + 50.